ppose u*b - 4*b - 3 = 0. Suppose -9 = -c - b. List the prime factors of c.
2
Let t(z) = z**3 - 12*z**2 - 9*z + 9. List the prime factors of t(13).
61
Suppose 4*x = -0*x - 128. List the prime factors of (2/(-4))/(1/x).
2
Let l be 3*(-4 - -3) - 1. Let t be (-20)/(-9) + l/18. List the prime factors of 0 - (-5 - 1)/t.
3
Suppose 0 - 2 = -w. Suppose 0*k - 28 = -w*k. What are the prime factors of k?
2, 7
Let d = 38 + -23. List the prime factors of d.
3, 5
Let p(o) = o**3 + 15*o**2 - 18*o + 11. List the prime factors of p(-16).
43
Suppose 81*i - 1104 = 75*i. List the prime factors of i.
2, 23
Let d = 17 - 12. Suppose -n = 3*b - 25 - 54, d*b = -3*n + 137. List the prime factors of b.
5
Let v(i) = 37*i**2 + 2*i + 1. What are the prime factors of v(-1)?
2, 3
Suppose 6*n - 15 = 3*n. Suppose -2*y + 18 = 2*f, -2*f + n*f = -2*y + 25. List the prime factors of f.
7
Let l(a) = 21*a**3 + a**2 + a - 1. Let t be l(1). List the prime factors of t/3 + (-4)/(-6).
2
Let s(c) = c**3 - 4*c**2 + c - 2. Let v = 15 - 11. What are the prime factors of s(v)?
2
Let i = -42 - -75. What are the prime factors of (-207)/(-11) + 6/i?
19
Suppose -2*g + 3*h + 197 = 0, 5*h = 4*g - 0*h - 395. What are the prime factors of g?
2, 5
Let l(i) = -3*i - 9. Let q be l(-4). Suppose 0 = -q*g + 5*f + 67, 3*f = 5*g - 0*g - 133. What are the prime factors of g?
29
List the prime factors of 23/((-2)/8*8/(-8)).
2, 23
What are the prime factors of (-2 - 0)*(-52)/8?
13
Suppose -x - 2*g = 2*x - 58, g = 2. Let j = x - 31. Let w = 29 + j. What are the prime factors of w?
2
Let r(f) = f**2. Let w be r(-2). Suppose -16 = -w*b - 0. Suppose 4*l - b = 8. What are the prime factors of l?
3
Let o = 12 - 7. Let c(h) = h**3 - 4*h**2 - h + 1. What are the prime factors of c(o)?
3, 7
Let f = -78 + 0. Let x(c) = c**3 - 4*c**2 + 2*c. Let g be x(3). List the prime factors of 2/g - f/9.
2
Suppose -3*y - 11 = 25. Suppose -d - 2*d = -54. Let j = d + y. What are the prime factors of j?
2, 3
Let t = 15 - 15. List the prime factors of (4 - -3) + -2 + t.
5
What are the prime factors of -2 - (-3 - 0) - -17?
2, 3
Let f(p) = 4*p - 3 - p**2 + 0*p**2 + 4*p**2. Let i be f(2). Suppose -z = -5*c + 3, -5*z = -4*c - 10 - i. List the prime factors of z.
7
Let q = -8 + 10. Suppose j - 4 = -q*o, 3*o - j = -4 + 20. Suppose -o*y + 11 = -17. List the prime factors of y.
7
Let n = -14 + 7. Let w = -2 - n. List the prime factors of w.
5
Let y(k) = -k**3 - 7*k**2 - 9*k. Let v be y(-6). Suppose 5*p + v = 2*p. List the prime factors of (-3)/p + (-15)/(-2).
2
Let x(j) = -j**2 - 8*j. Suppose -11 = 5*o + 19. What are the prime factors of x(o)?
2, 3
Suppose q - 4*b - 21 = -0, 2*b = 3*q - 23. Suppose q = -n + 49. List the prime factors of n.
2, 11
Suppose 4*l + 14 = 5*g + 47, 5*g + 12 = l. What are the prime factors of l?
7
Suppose 5*p - 5*l = -2 - 3, p - 3*l = -7. What are the prime factors of p?
2
Let t be -1*(1 - 7)/3. Let g(m) = -m + 2. Let u be g(0). Suppose 57 = 4*h + 3*c, -c = u*h - t*c - 21. List the prime factors of h.
2, 3
Let j be ((-32)/12)/(1/(-6)). Suppose 0*q - s = -4*q + 11, 0 = 2*q - 4*s - j. List the prime factors of q.
2
Let d(h) be the third derivative of h**6/120 + 2*h**5/15 - 5*h**4/12 + h**3/3 + 3*h**2. List the prime factors of d(-9).
11
Suppose -2*h = -8 - 0. Suppose 0*b + h*b = 8. What are the prime factors of b?
2
Let q be 15/(-20) - (-6)/8. Let v(u) = 4*u - u + 5 - 4*u. List the prime factors of v(q).
5
Let l(d) = d**3 - 8*d**2 + 5*d + 5. What are the prime factors of l(8)?
3, 5
Let i(s) = 46*s. What are the prime factors of i(1)?
2, 23
Let b(m) = -m**2 - 2*m. Let j be b(-7). What are the prime factors of (-21)/j - (-62)/5?
13
Suppose h - 17 = -3*n, -5*n + 23 = -4*h + 6. Suppose 0*w = -3*i - n*w + 9, 3*i - 3*w - 33 = 0. List the prime factors of i.
2
Suppose -3*n + 3*p + 160 = p, -3*p = 15. List the prime factors of n.
2, 5
Suppose 4*n = n. Let f be n/(-1 + -1 + 0). Suppose 5*q = -5*s, 4*s + 2*q - 4 + f = 0. List the prime factors of s.
2
List the prime factors of -1 + 5/(10/448) - 1.
2, 3, 37
Suppose s = -2*s + 2*z, z = -4*s + 11. List the prime factors of s.
2
Let x(c) be the second derivative of -c**5/20 - 5*c**4/12 - 2*c**3/3 - 7*c**2/2 + c. Let b be x(-5). Suppose -22 = -5*p + b. What are the prime factors of p?
7
Let c = -2 - 3. Suppose -2*g + g = 3. Let u = g - c. What are the prime factors of u?
2
Let q be (14/35)/((-1)/(-20)). Suppose 5*k = q*k - 75. What are the prime factors of k?
5
Let j(d) = d**2 - 6*d + 3. Let h be j(6). Let f be ((-1)/2 + 1)*(-12)/(-3). Suppose -y - h*s - 7 = -3*y, 5*y + f*s - 65 = 0. What are the prime factors of y?
11
Let s(n) be the third derivative of n**5/60 + n**3/2 + 2*n**2. List the prime factors of s(4).
19
Let t(n) = -n + 3. Suppose 4*h + 3 = -3*i, 3*h - 4*i + 15 = -2*i. Let c be t(h). List the prime factors of 42/c - (-2)/(-2).
2, 3
Suppose -2*a + 4 = -6. What are the prime factors of a?
5
Let k(s) = -s + 19. Let n be k(0). Suppose f = -0*f - 3*q + n, -5*f + 63 = -q. What are the prime factors of f?
13
Suppose -5*t + 10 = -0*t. Suppose 0 = -2*p + 5 + 1. Suppose m = -2*r - 5 + p, t*m - 14 = 2*r. What are the prime factors of m?
2
List the prime factors of (-3)/(30/136)*-5.
2, 17
Let w(u) = -4*u - 6. Let y = -11 + 19. Let c be w(y). What are the prime factors of 2/(-3) - c/3?
2, 3
Suppose -3*b + 2 + 4 = 0, 5*z = b - 2. Suppose 5*k + 3*n + z*n + 78 = 0, k + 20 = -5*n. What are the prime factors of (20/k)/((-2)/3)?
2
Let g(y) = y - 5. Let z be g(-5). Let f = z - -19. What are the prime factors of f?
3
List the prime factors of (-2 - -1)/1*494/(-13).
2, 19
Let k(l) = -l**3 - 4*l**2 + 4*l - 7. Let w(t) = t**3 + 5*t**2 - 5*t + 7. Let f(c) = -4*k(c) - 3*w(c). Suppose 0 = 6*h - 2*h. List the prime factors of f(h).
7
Let m(n) = -n**3 - 6*n**2 + 11*n. List the prime factors of m(-8).
2, 5
Let b be 4 + 2*(-3)/6. Suppose -o - b = -7. Suppose 0 = v - o*v + 27. List the prime factors of v.
3
Let d be 2 + 5 + 6/3. Let r = -7 + d. List the prime factors of 1 + 1 + -2 + r.
2
Let l = -74 + 113. Suppose 3*n - 3*a - 33 = 0, -2*a = 5*n + a - l. List the prime factors of n.
3
Suppose 0 = 5*u - 3*u - 78. What are the prime factors of u?
3, 13
Let y = 97 - 68. Let z = y - 12. What are the prime factors of z?
17
Suppose 6*c - 3*c = -2*x + 5, x = c. Let t = 5 - x. Suppose t*i - 30 = -i. What are the prime factors of i?
2, 3
Suppose 4*v = -t + 20, 7*t - 2*t + 4*v = 180. What are the prime factors of t?
2, 5
Let y = -1 - -1. Suppose -x - 6 = -4*x. Let l = x - y. List the prime factors of l.
2
Suppose 0 = 5*o - 3*k - 208, 209 = 5*o - 3*k - k. List the prime factors of o.
41
What are the prime factors of (-2)/10 + (-516)/(-30)?
17
Let k(h) = -h - 7. Let s be k(-9). Let r = s + 5. List the prime factors of r.
7
Let f = -5 - 1. What are the prime factors of (80/(-15))/(4/f)?
2
Let j(z) = z. Let c(d) = -d**2 + 11*d + 1. Let x(v) = -c(v) + 4*j(v). What are the prime factors of x(9)?
17
Let x be 6*(2 + (-16)/6). Let s(w) = -4*w - 1. What are the prime factors of s(x)?
3, 5
Suppose -154 = -4*m + 3*m. What are the prime factors of m?
2, 7, 11
Suppose -3*s - 2*s - b = -248, 0 = 5*s + 4*b - 242. What are the prime factors of s?
2, 5
Suppose -849 - 931 = -10*c. What are the prime factors of c?
2, 89
Suppose -3*x + 46 = -20. What are the prime factors of x?
2, 11
Let p be -3 - (3 + 3)*-1. Let x(c) = 5*c - 3. What are the prime factors of x(p)?
2, 3
Let d be (-16)/(-12) - 4/(-6). Let r = 2 + d. List the prime factors of (r/6)/(4/30).
5
Suppose 0 = -7*m + 9*m - 198. What are the prime factors of m?
3, 11
Let g = 2 - 16. Suppose -q = -4*q + 12. What are the prime factors of 195/21 + q/g?
3
Suppose -5*q + 3*p = -256, -24 = -3*q + 2*p + 130. List the prime factors of q.
2, 5
Suppose -3*s = -8*s + 20. What are the prime factors of s?
2
Suppose -6*p + 3*p + 69 = -o, -o - 93 = -4*p. What are the prime factors of p?
2, 3
Suppose 63 + 10 = o - 2*j, 2*j = -2*o + 128. What are the prime factors of o?
67
List the prime factors of 62 + (-4 - (0 + -1)).
59
Suppose 3*b = 5*r - b + 136, -r - 28 = -b. Let h = r + 47. List the prime factors of h.
23
Let f = -27 + 73. List the prime factors of f.
2, 23
Let w(p) = 123*p**2 + 2*p + 2. What are the prime factors of w(-1)?
3, 41
Suppose -4*v = 17 - 149. Suppose -2*n - 3*o - v = -5*n, 2*n 